hat is the hundred thousands digit of 744154?
7
What is the hundreds digit of 70020?
0
What is the units digit of 696008?
8
What is the hundreds digit of 19979611?
6
What is the thousands digit of 1309011?
9
What is the ten thousands digit of 8707686?
0
What is the units digit of 436992?
2
What is the hundreds digit of 3319?
3
What is the millions digit of 2253965?
2
What is the hundred thousands digit of 1012047?
0
What is the tens digit of 365620?
2
What is the thousands digit of 845309?
5
What is the ten thousands digit of 8406839?
0
What is the thousands digit of 9422129?
2
What is the units digit of 372063?
3
What is the hundreds digit of 1147332?
3
What is the tens digit of 9113046?
4
What is the hundreds digit of 13618791?
7
What is the tens digit of 9241488?
8
What is the ten thousands digit of 9814026?
1
What is the units digit of 6646157?
7
What is the ten millions digit of 15729993?
1
What is the ten thousands digit of 28861?
2
What is the hundreds digit of 83056?
0
What is the hundreds digit of 165949?
9
What is the tens digit of 1155487?
8
What is the units digit of 1897435?
5
What is the ten millions digit of 16639169?
1
What is the tens digit of 1321949?
4
What is the hundreds digit of 573750?
7
What is the units digit of 1495976?
6
What is the millions digit of 1317032?
1
What is the hundreds digit of 149491?
4
What is the hundred thousands digit of 218353?
2
What is the millions digit of 5136672?
5
What is the units digit of 7398012?
2
What is the thousands digit of 319111?
9
What is the units digit of 2451297?
7
What is the units digit of 453436?
6
What is the hundreds digit of 36956380?
3
What is the ten millions digit of 17525163?
1
What is the millions digit of 6169414?
6
What is the millions digit of 2232181?
2
What is the tens digit of 4940933?
3
What is the units digit of 315715?
5
What is the units digit of 156255?
5
What is the units digit of 5889?
9
What is the ten thousands digit of 8796705?
9
What is the hundred thousands digit of 253762?
2
What is the hundreds digit of 21291906?
9
What is the thousands digit of 221129?
1
What is the tens digit of 62988?
8
What is the hundreds digit of 559349?
3
What is the thousands digit of 7909049?
9
What is the hundreds digit of 753027?
0
What is the hundreds digit of 59925?
9
What is the ten thousands digit of 248601?
4
What is the hundreds digit of 271106?
1
What is the ten thousands digit of 704903?
0
What is the units digit of 315798?
8
What is the ten thousands digit of 2604364?
0
What is the thousands digit of 285117?
5
What is the hundred thousands digit of 39996216?
9
What is the hundred thousands digit of 3219066?
2
What is the hundred thousands digit of 2294034?
2
What is the millions digit of 2444888?
2
What is the tens digit of 504692?
9
What is the hundreds digit of 14919927?
9
What is the tens digit of 425774?
7
What is the hundreds digit of 184403?
4
What is the thousands digit of 5970341?
0
What is the thousands digit of 251904?
1
What is the units digit of 824063?
3
What is the units digit of 20168445?
5
What is the hundred thousands digit of 643275?
6
What is the hundred thousands digit of 731746?
7
What is the hundreds digit of 5022461?
4
What is the millions digit of 7248734?
7
What is the hundreds digit of 12634741?
7
What is the ten thousands digit of 1021222?
2
What is the tens digit of 55928?
2
What is the thousands digit of 5437?
5
What is the ten thousands digit of 3789857?
8
What is the hundreds digit of 177062?
0
What is the tens digit of 370035?
3
What is the hundred thousands digit of 794314?
7
What is the hundred thousands digit of 1667482?
6
What is the units digit of 19645910?
0
What is the thousands digit of 988110?
8
What is the millions digit of 3206115?
3
What is the tens digit of 5545744?
4
What is the ten thousands digit of 7330801?
3
What is the thousands digit of 62060?
2
What is the units digit of 242967?
7
What is the tens digit of 286194?
9
What is the units digit of 6313973?
3
What is the units digit of 1318499?
9
What is the thousands digit of 213894?
3
What is the tens digit of 324541?
4
What is the hundreds digit of 414167?
1
What is the units digit of 490825?
5
What is the hundred thousands digit of 1238502?
2
What is the tens digit of 243874?
7
What is the ten thousands digit of 220092?
2
What is the thousands digit of 247625?
7
What is the ten thousands digit of 331302?
3
What is the hundred thousands digit of 304938?
3
What is the thousands digit of 19298552?
8
What is the units digit of 223095?
5
What is the hundred thousands digit of 9186151?
1
What is the units digit of 296299?
9
What is the thousands digit of 460361?
0
What is the hundred thousands digit of 1000216?
0
What is the tens digit of 1000251?
5
What is the thousands digit of 83855?
3
What is the ten thousands digit of 6965232?
6
What is the hundreds digit of 33080634?
6
What is the ten thousands digit of 1129010?
2
What is the units digit of 55794?
4
What is the units digit of 79603?
3
What is the ten thousands digit of 447520?
4
What is the hundred thousands digit of 3129209?
1
What is the hundreds digit of 335961?
9
What is the thousands digit of 177448?
7
What is the thousands digit of 315065?
5
What is the ten thousands digit of 27671776?
7
What is the thousands digit of 6882140?
2
What is the hundred thousands digit of 265892?
2
What is the units digit of 851613?
3
What is the units digit of 3967830?
0
What is the hundreds digit of 1073687?
6
What is the tens digit of 279159?
5
What is the units digit of 1177680?
0
What is the ten thousands digit of 292665?
9
What is the hundred thousands digit of 3470517?
4
What is the tens digit of 554746?
4
What is the thousands digit of 670384?
0
What is the units digit of 853359?
9
What is the hundred thousands digit of 1830254?
8
What is the tens digit of 1636431?
3
What is the thousands digit of 2909591?
9
What is the units digit of 30044?
4
What is the thousands digit of 1869618?
9
What is the ten thousands digit of 9886724?
8
What is the hundreds digit of 288951?
9
What is the units digit of 89883?
3
What is the units digit of 3591304?
4
What is the tens digit of 402108?
0
What is the ten thousands digit of 2281295?
8
What is the hundred thousands digit of 448021?
4
What is the tens digit of 1700945?
4
What is the hundred thousands digit of 146530?
1
What is the tens digit of 66105?
0
What is the millions digit of 2677218?
2
What is the millions digit of 1726629?
1
What is the hundreds digit of 74216?
2
What is the units digit of 198479?
9
What is the thousands digit of 241828?
1
What is the hundred thousands digit of 2432171?
4
What is the thousands digit of 4431733?
1
What is the ten millions digit of 20550201?
2
What is the thousands digit of 239031?
9
What is the hundred thousands digit of 851844?
8
What is the ten thousands digit of 11744949?
4
What is the hundreds digit of 805567?
5
What is the tens digit of 42550?
5
What is the ten thousands digit of 10818?
1
What is the units digit of 221852?
2
What is the tens digit of 866477?
7
What is the tens digit of 11568152?
5
What is the tens digit of 667080?
8
What is the units digit of 1429722?
2
What is the units digit of 11823085?
5
What is the tens digit of 2537265?
6
What is the thousands digit of 3188425?
8
What is the hundreds digit of 20908?
9
What is the tens digit of 8498482?
8
What is the ten thousands digit of 509557?
0
What is the tens digit of 356415?
1
What is the thousands digit of 8550002?
0
What is the hundred thousands digit of 19022332?
0
What is the hundreds digit of 116303?
3
What is the hundred thousands digit of 2895417?
8
What is the units digit of 5875056?
6
What is the hundreds digit of 4107074?
0
What is the units digit of 3415161?
1
What is the millions digit of 16256864?
6
What is the hundred thousands digit of 116794?
1
What is the thousands digit of 6478333?
8
What is the hundreds digit of 169836?
8
What is the tens digit of 353569?
6
What is the tens digit of 75223?
2
What is the hundreds digit of 107763?
7
What is the hundreds digit of 27571?
5
What is the hundreds digit of 25032291?
2
What is the units digit of 3075630?
0
What is the tens digit of 16741?
4
What is the millions digit of 4256167?
4
What is the ten thousands digi